56 is divided by i.
26
Suppose n + 36 = 2*n. Let h(a) = -a**2 + 3. Let x be h(5). Let y = n + x. What is the remainder when y is divided by 5?
4
Let i(u) = -2*u - 7. Let p be i(-7). Suppose -21 = -l - p. Calculate the remainder when l is divided by 4.
2
Let w(h) = -3*h - 30. Calculate the remainder when ((-34)/(-4))/(4/8) is divided by w(-12).
5
Let h = 237 - 139. What is the remainder when h is divided by 25?
23
Let n = 58 - 55. Calculate the remainder when 3 is divided by n.
0
Suppose 4*b + 4*o + 14 = 3*b, 0 = 3*o + 12. What is the remainder when 3 - 1 - 1*-3 is divided by b?
1
Suppose 0 = -0*m - 2*m + 4*f + 104, 3*m = 3*f + 141. What is the remainder when m is divided by (-43 - (-2 - -3))/(-5 + 3)?
20
Let d = -8 - -12. Suppose -n = -d*p + 20, -3*p - 5*n - 4 = p. Suppose -y - 2*h = 1, -4*y = -2*y - p*h - 22. Calculate the remainder when 13 is divided by y.
3
Suppose -2*o + 7*o = 175. Let l be (-110)/(-6) - 4/(-6). Suppose 0 = -4*y - l + 67. Calculate the remainder when o is divided by y.
11
Let c be (-2)/11 - 45/55. Let g be (2/2)/(c/(-83)). Suppose 3*t = -2*b + 5*b + 78, 3*t - g = 4*b. What is the remainder when t is divided by 8?
5
Let m(v) = v**2 + v + 7. Let i be m(0). Let r(s) = s**2 - 5*s + 16. What is the remainder when 57 is divided by r(i)?
27
Let p be (-1 - -3)*(-1)/2. Let b be (0 - p - -3)*1. Suppose 5*r + 6 = -b*q + 52, -5*q + 26 = r. What is the remainder when 16 is divided by r?
4
Let s(i) = 21*i**2 + 1 - 11*i**2 + 10*i**2 - i. Let d be s(1). Suppose d = f + 3*f. What is the remainder when 12 is divided by f?
2
What is the remainder when 18 is divided by (-4)/(-24) + (-87)/(-18)?
3
Let w = -18 + 32. Calculate the remainder when 27 is divided by w.
13
Let u(a) be the third derivative of -a**4/8 - 3*a**3/2 - a**2. Calculate the remainder when 8*-1*26/(-4) is divided by u(-9).
16
What is the remainder when ((12 - -2) + 0)*1 is divided by 8?
6
Let a(h) = -h**2 + h - 1. Let n be a(0). What is the remainder when (0 - n)*(-7 - -48) is divided by 14?
13
What is the remainder when 6/(-30) - 442/(-10) is divided by 16?
12
Suppose -2*t - 115 = -7*t. What is the remainder when 2*-1 - (-70 + 0) is divided by t?
22
Suppose 0 = 2*o - 0*o. What is the remainder when (-2 - o)*(-148)/8 is divided by -1 - (-13 + 1/(-1))?
11
Let q(r) = -2*r**3 - 8*r**2 - 4*r - 4. Suppose -u - 2*u + 105 = 0. Calculate the remainder when u is divided by q(-4).
11
Let p = 115 - 98. What is the remainder when p is divided by 9?
8
Let x(q) be the second derivative of q**5/20 - q**4/2 - 5*q**3/6 + 5*q**2 + q. Let k = -8 + 15. Calculate the remainder when x(k) is divided by 13.
11
Suppose -6*x + 37 = -35. What is the remainder when x is divided by 8?
4
Let m(y) = 8*y - 142. Suppose 5*z - 43 = 47. What is the remainder when z is divided by m(19)?
8
Let q be -3 + -3 + 3 + -53. What is the remainder when q/(-10) - 2/(-5) is divided by 3?
0
Let u(y) = -6*y + 3. Suppose 37 = i - x, 2*i + 0*i + x = 89. What is the remainder when u(-4) is divided by (-4)/14 - (-642)/i?
12
What is the remainder when 14 is divided by (6 + -16)*(-2)/5?
2
Let k(d) = d - 13. Let u be k(8). Let f(c) = -2*c - 4. Calculate the remainder when 21 is divided by f(u).
3
What is the remainder when 26 is divided by ((-54)/(3 + 0))/(-2)?
8
Suppose 0*d + 3*d + x = 3, -d = 2*x - 1. What is the remainder when 3 is divided by d/((-3 + 2)*-1)?
0
Suppose 4*d + 48 = z, -3*z - d = -2*d - 89. Calculate the remainder when z is divided by 16.
12
Let d = -7 - -9. Calculate the remainder when (-237)/12*d*-2 is divided by 20.
19
Suppose 4*g - g - 12 = 0. Suppose 2*b - g = 2*x, 4*b - x - 2 = 9. What is the remainder when 7 is divided by b?
1
Let t = -157 - -165. Calculate the remainder when 10 is divided by t.
2
Let f(z) = 1 + 4 - 4 + 7*z. Let r be f(-1). Calculate the remainder when 35 - 3/r*6 is divided by 20.
18
Let f = 131 + -120. What is the remainder when 85 is divided by f?
8
Let h be 1003/11 - (-4)/(-22). Let p be (-2)/(-3) + h/3. Let g = -2 + p. What is the remainder when g is divided by 10?
9
Let x(z) = -z**3 - 8*z**2 - 16*z - 9. Suppose 3*h - 58 = -16. What is the remainder when x(-7) is divided by h?
12
Suppose -2*c + 0*c = -18. Let b = 105 - 82. What is the remainder when b is divided by c?
5
Let t(v) = -6*v + 19. What is the remainder when 90 is divided by t(-2)?
28
Suppose c - 3*q = 28, 3*c = 2*q + 18 + 66. Suppose 4*p - p = -12. Let u(z) = z**3 + 4*z**2 - 2*z + 2. What is the remainder when c is divided by u(p)?
8
Suppose -2*i + 252 = 2*b, 5*b = -3*i + 248 + 122. Suppose -8*o + i = -3*o. Calculate the remainder when o is divided by 9.
8
Suppose -n + 9 = 1. What is the remainder when 39 is divided by n?
7
Suppose -8*z + 13*z = 335. Calculate the remainder when z is divided by 17.
16
Let c be -1 - (6/3 + -5). What is the remainder when 24 is divided by 5/(0 + c/2)?
4
Let v = -115 + 119. Calculate the remainder when -12*((-5)/4 - 0) is divided by v.
3
Suppose 3*n - 3*r + 20 = n, 0 = 3*n + 3*r + 30. Let p = 11 - n. What is the remainder when 81 is divided by p?
18
Let f(c) = c**3 - 5*c**2 - 10*c + 8. Suppose -2*r = 3*r - 35. Suppose s - 52 = -3*s. What is the remainder when f(r) is divided by s?
10
Suppose 16*x - 938 = 390. What is the remainder when x is divided by 15?
8
Suppose -f = -3*f - 512. Calculate the remainder when (-2)/3 + f/(-6) is divided by 15.
12
Suppose -2*t + 272 = 3*t + 2*f, 3*f = 3*t - 159. Let u = 75 - t. What is the remainder when u is divided by 11?
10
Suppose -2*q - 6*f + 82 = -2*f, -4*q = -f - 200. What is the remainder when q is divided by 26?
23
Suppose 0 = -2*g - 3*o + 35, -3*g + 3*o + 31 = -14. Calculate the remainder when (31/(-3))/(1/(-3)) is divided by g.
15
Suppose 2*d - 68 - 206 = 0. What is the remainder when d is divided by 28?
25
Let f = 4 - 1. Let p be 2/((-3)/(-9)*3). Suppose 0 = -p*m - f*i + 40, 2*i - 37 - 5 = -2*m. Calculate the remainder when 44 is divided by m.
21
Let p = -89 - -137. What is the remainder when p is divided by 7?
6
Let c(o) = 25*o**2 + o - 1. Calculate the remainder when c(2) is divided by 26.
23
Suppose 0 = 4*a + 5*p - 514, 4*p - 254 = -2*a - 0*a. Calculate the remainder when a is divided by 33.
32
Let h = -4 - -5. Suppose -3*a + 9 = y, 2*y + 2*y - 16 = -2*a. Let u = -2 + y. Calculate the remainder when u is divided by h.
0
Let s = -113 + 65. Calculate the remainder when 45 is divided by (-8)/(-12)*s/(-2).
13
Let c(i) = -1 + 4 - 1 - i. Let v be c(8). Let r = v - -60. Calculate the remainder when r is divided by 19.
16
Let l = 6 + -4. Suppose l*y - 12 = -y. Suppose a + 2*z = -z, 2*a - 2*z - 16 = 0. Calculate the remainder when a is divided by y.
2
Let i(a) = 16*a**2 - 2*a. Calculate the remainder when i(-2) is divided by 24.
20
Suppose 5*i + 40 = 9*i. Calculate the remainder when 37 is divided by i.
7
Suppose -4*z - n = 45 - 10, -2*n = 3*z + 30. Let h = z - -17. Calculate the remainder when (2/(-1))/((-6)/99) is divided by h.
6
Let o(n) = n**3 + 8*n**2 + n + 8. Let q be o(-7). Let c = 8 + q. Calculate the remainder when c is divided by 12.
10
Suppose -5*t - 34 + 134 = 0. Calculate the remainder when 97 is divided by t.
17
Calculate the remainder when 77 is divided by 39*(0/(-4) + 1).
38
Let c = -13 - -33. Calculate the remainder when 57 is divided by c.
17
Suppose 2*i - i = 2*p + 274, p + i = -131. Let t = -73 - p. Suppose -3*c = c - x - 79, -t = -3*c - 2*x. Calculate the remainder when c is divided by 7.
6
Suppose -y - 4*y - 25 = 0, 5*y = 2*g - 59. Let m(q) = -3*q. What is the remainder when g is divided by m(-2)?
5
Let k(p) = -2*p + 6. Let m = 0 - 5. Calculate the remainder when k(-8) is divided by m*((-12)/5 - 0).
10
Suppose -3*g = 6, -2*g = a - 1 + 25. Let y = a - -45. Calculate the remainder when y is divided by 13.
12
Let m = -7 + 2. What is the remainder when (4/m)/(6/(-255)) is divided by 18?
16
Let x = 11 + -9. Suppose w - 57 = -x*w. What is the remainder when 55 is divided by w?
17
Suppose v = -2*v + 192. Let l be (-2)/(0 + 2) + v. Let u = l + -13. Calculate the remainder when u is divided by 17.
16
Let p(y) = y**3 + 16*y**2 - 3*y + 22. Calculate the remainder when p(-16) is divided by 19.
13
Suppose -5*k + 90 = -9*b + 4*b, 0 = 3*k - 5*b - 50. What is the remainder when k is divided by 7?
6
Suppose 3*x + 10 - 25 = 0. Suppose 2*j - 6 = -x*b 